-3*o. What is the units digit of o?
8
Suppose -4*a + 359 = -2*h + 3*h, 5*h - 1905 = 2*a. Let q = -238 + h. What is the hundreds digit of q?
1
Let d be (-2)/(-1) - 3*2. Let w(q) be the third derivative of -q**4/6 + q**3/2 + 31*q**2 + q. What is the tens digit of w(d)?
1
Let s be ((-6)/(-5))/(-2)*-30. Let x = 3 + 2. Suppose -w + 22 = -x*b - s, -2*b = 0. What is the tens digit of w?
4
What is the units digit of 110/4 + 13/26?
8
Suppose 13*c = 12*c - 2*j + 2190, c = -j + 2191. What is the hundreds digit of c?
1
Let x = -1 + 654. What is the tens digit of x?
5
Let w(z) = -13*z - 1. Let u be w(-2). Let d = u + 13. Let r = d - 16. What is the tens digit of r?
2
Suppose 3*m = 2*r + 3, 5*r + m + 0*m - 1 = 0. Suppose 107 = -r*g + g. What is the tens digit of g?
0
Suppose -2*c - 59 = -15. Let y = c + 22. Suppose -4*l - 5*w + 2 + 13 = y, 5*w - 20 = -5*l. What is the units digit of l?
5
Suppose 9*t - 227 = 511. Suppose 2*a - t - 128 = 0. What is the tens digit of a?
0
Suppose 89 = -2*n - 137. Let b = 163 + n. What is the tens digit of b?
5
Suppose -q - 5*c = -180, 2*q - 143 = 4*c + 161. What is the tens digit of q + -6 + (-15)/(-3)?
5
Suppose -4*g + 10 = u, 3*u = -3*g + g. Let v be (g - (-1 - -3))*5. Let p = 12 - v. What is the units digit of p?
7
Let l(u) be the first derivative of -u**7/840 - u**6/360 - u**4/6 - u**3/3 + 3. Let y(q) be the third derivative of l(q). What is the tens digit of y(-3)?
1
Let r be 9/11 - (-12)/66. Let v be (9/(-12))/(r/40). Let s = v + 69. What is the tens digit of s?
3
Suppose 2425 = 11*n - 3735. What is the hundreds digit of n?
5
Let s(o) = -o + 1. Let m = 11 - 10. Let q be s(m). Suppose -3*u = 4*c - 137, q = 4*u + 23 - 3. What is the units digit of c?
8
Suppose -5*y + 5*l + 40 = 0, 5*l - 4 = 1. Let w = 13 - y. Suppose -w = -5*o + 1. What is the units digit of o?
1
Let l be 1990/(-30) + 2/6. Let q be (l/4)/(33/(-44)). Suppose v = -d + 14, 0*v + q = 2*v - d. What is the tens digit of v?
1
Suppose 0 = 29*y - 22891 + 6680. What is the units digit of y?
9
Suppose -6350 = -3*a - 2*x, -10*x + 13*x + 10577 = 5*a. What is the hundreds digit of a?
1
Suppose -15263 = -14*m + 2923. What is the tens digit of m?
9
Let h = 27 + -24. Suppose -h*u - u - 4*x = 16, 28 = -3*u + x. What is the units digit of 5/20 - 270/u?
4
Suppose -s - 2*s = -384. Suppose s = 4*j - 56. What is the tens digit of j?
4
Let n = -369 - -815. Suppose 4*g + u = 509 + n, 0 = -3*g - u + 715. What is the tens digit of g?
4
Let m(n) be the first derivative of 0*n + 2/3*n**3 - 1/2*n**2 + 6. What is the tens digit of m(5)?
4
Let z = 11 - 16. What is the units digit of (-2)/z + (-6358)/(-55)?
6
Let v = 55 + -5. Suppose 0 = 6*s - 11*s + v. What is the units digit of 6/s*(12 - -3)?
9
Let u = 40 + -40. Suppose 4*p - 164 = -u*p. What is the units digit of p?
1
Let m be (8/32)/(-2 - 2226/(-1112)). Let t = -17 + m. What is the units digit of t?
2
Suppose -9*z + 50 = 5. Suppose 60 = t + 3*k, -2*t + 176 = t + z*k. What is the units digit of t?
7
Let p(l) = -931*l - 77. What is the hundreds digit of p(-3)?
7
Let l be ((-80)/48)/(2/18). Let s(y) = y**2 - 3*y - 51. What is the hundreds digit of s(l)?
2
Let q be 13 + -6 - (6 + -2). Suppose q*f = -f - 192. Let h = f + 90. What is the tens digit of h?
4
Suppose -32*g + 16367 = -32369. What is the hundreds digit of g?
5
What is the tens digit of -1*449/(-1*(-5)/(-15))?
4
Let i = -1536 + 2925. What is the hundreds digit of i?
3
Let v be (6650/6)/5*-3. What is the units digit of (-2)/2 - v/7?
4
Suppose -10*x - 2399 = -7219. What is the units digit of x?
2
Let f(m) = -m**2 - 4*m - 4. Let h be f(-2). Let y(q) = -2*q - 3*q + h*q + 2*q - 7. What is the units digit of y(-5)?
8
Let o = -74 - -611. What is the tens digit of o?
3
What is the units digit of (900/(-175))/(((-8)/924)/2)?
8
Let q = -92 - -94. Suppose 4*r - w - 611 = 0, -q*w - 132 - 26 = -r. What is the tens digit of r?
5
Let v be 2656/14 + 10/35. Suppose 0*h - 2*m = -h - 1, -5*m + 15 = 0. Suppose -4*t + v = 3*x - x, h*t - 5*x = 260. What is the units digit of t?
9
Suppose 7*l - 2056 + 824 = 0. What is the units digit of l?
6
Let c(f) = f**3 + 14*f**2 - 11*f + 15. What is the tens digit of c(-12)?
3
Suppose 3*r = -3*l + 915, 3*l - 5*r = 625 + 314. Suppose 4*y = -8*k + 3*k + l, -3*y + 6 = 0. What is the tens digit of k?
6
Let x = 76 - -215. What is the units digit of x?
1
Let l(x) = 4*x + 0*x - x - 12. Let r(s) = s. Let f(g) = -l(g) + 4*r(g). What is the units digit of f(-4)?
8
Let w(c) = 394*c - 53. What is the thousands digit of w(3)?
1
Suppose -2*l = -5*l. Suppose 5*u - 391 + 61 = l. What is the units digit of u?
6
Let c be (-25)/10*(12/10 + 0). What is the tens digit of 6/(-15)*(c + -177)?
7
Suppose 0 = -g + 88 - 83, g + 4887 = 4*q. What is the thousands digit of q?
1
Let b = 13 + -8. Suppose -b*c = 2*w - 3*c - 136, -3*c = -6. What is the tens digit of w?
6
Let c be 1/((5 + -8)/(-57)). Suppose 5*m = 4*f - 3*f - c, -2*m = -5*f + 95. What is the tens digit of f?
1
Let s(o) = 2172*o**2 + 13*o - 12. What is the tens digit of s(1)?
7
Suppose -8140 = -0*k - 44*k. What is the hundreds digit of k?
1
Let c = 19 + -40. Let h = c - -37. Suppose 0 = -3*d - 3*j + 3, 2*d + h = -5*j + 6. What is the units digit of d?
5
Let a = -40 - -380. Suppose 25*u = 23*u + a. What is the tens digit of u?
7
Let c be (16/(-24))/((-4)/(-150)). Let i = -28 - c. What is the units digit of (-1 - (-152)/(-12))*i?
1
Suppose 5*n - 168 = 2*u, n - 2*u = 6*n - 152. What is the tens digit of n?
3
What is the tens digit of ((7 + -5)/(-4)*-1230)/1?
1
Let b be 4/10 + (-723)/(-5). Let o = -352 + b. What is the units digit of (6/9)/((-6)/o)?
3
Let h(y) = -70*y + 6. What is the units digit of h(-15)?
6
Let r = 1778 - 778. What is the hundreds digit of r?
0
Let x be (-6)/2 + (-4 - -4). Let i(w) = -3*w + 2 - 2 - 2 + 6. What is the units digit of i(x)?
3
Let o be 165/2 - (-1)/(-2). Suppose l + l - 10 = 0, 2*u = -4*l + o. Suppose -3*y - 4 = -u. What is the units digit of y?
9
Let f = -260 - -690. What is the hundreds digit of f?
4
Suppose 27 = 3*o + 3*v - 9, 4*v = 8. Suppose -o*i = -379 - 421. What is the tens digit of i?
8
What is the hundreds digit of 13/(13/(-2))*-528?
0
Let y = 2 - 46. Let n = 38 - y. What is the units digit of n?
2
Let q(l) = 10*l**3 + l**2 + l + 1. Let f be q(-1). What is the hundreds digit of 2/f - ((-1658)/9 - 1)?
1
Let r be 5/5 + (3 - 0). Suppose 4*g = 4*s - 520, 0 = 2*g + 2 + r. Suppose -4*n - s = -4*b + 185, 3*n = -5*b + 358. What is the units digit of b?
4
Suppose 0 = 4*i + l - 2098, 5*i + 17*l - 2630 = 12*l. What is the tens digit of i?
2
Let x = -17 + 36. Let s = x - 19. Suppose -3*j - 24 + 57 = s. What is the units digit of j?
1
Suppose -8 = -2*t + p, t - p = 7 - 4. What is the tens digit of (-1)/t + (-1086)/(-5)?
1
Suppose -12 = -5*w - 3*f, 3*w - 2*f = -4*f + 8. Suppose w = -19*v + 8*v + 209. What is the tens digit of v?
1
Let x(v) = 488*v**2 + 13*v + 14. What is the hundreds digit of x(-2)?
9
What is the units digit of 99 - 12/(9 - 5)?
6
Let i(r) = 2 + 0*r + 0*r - r. Let x be i(-1). Suppose -2*n = 4*p - n - 106, 4*p - x*n - 98 = 0. What is the units digit of p?
6
Let m(z) = -z**2 + 7*z - 4. Let p be 1/(-1 + 14/12). Let l be m(p). Suppose -w - 18 = -l*w. What is the tens digit of w?
1
Let f be (-1*(-4)/(-6))/((-22)/231). Suppose n = -2*y + 162, -y - 2*n + f + 71 = 0. What is the tens digit of y?
8
Let w(f) = -2*f - 33. Let j be w(-11). What is the tens digit of 2/j + 61272/253?
4
Let w = -125 + 219. Suppose -q = 27 - w. Suppose -2*f + 4*f = 4*s - 262, s - q = -f. What is the units digit of s?
6
Let z be (2310/18 + 3)*6/(-4). Let a = z - -319. What is the hundreds digit of a?
1
Suppose 3*q = 8*q + 210. What is the units digit of 17806/203 - (-3)/(q/(-4))?
8
Let s(i) = 2*i + 3*i + 6*i - i - 17. What is the tens digit of s(5)?
3
Let j(b) = -264*b + 42. What is the units digit of j(-1)?
6
Let l be (-159)/(-5) + (-6)/75*10. Let n = l + -9. What is the units digit of n?
2
Suppose -4*y + 54 = 2*y. Suppose 7*l + 244 = y*l. What is the units digit of l?
2
Let s = 16 - 15. Let d(a) = 15*a**3 + 4*a**2 - 4*a + 1. What is the tens digit of d(s)?
1
Let w(r) = 2*r + 9 - 7 + 15*r**2 + 2*r**3 - 1. What is the units digit of w(-6)?
7
Let v be 2*(-1)/6 - 701/3. Let w = -43 - v. What is the tens digit of w?
9
What i